s divided by 92.
85
What is the remainder when 950069 is divided by 98?
57
Calculate the remainder when 208831 is divided by 65091.
13558
Calculate the remainder when 142580 is divided by 181.
133
What is the remainder when 28251 is divided by 2024?
1939
What is the remainder when 21155 is divided by 4957?
1327
What is the remainder when 660546 is divided by 3353?
5
What is the remainder when 117778220 is divided by 99?
98
What is the remainder when 16085463 is divided by 320?
23
What is the remainder when 300698359 is divided by 509?
501
Calculate the remainder when 7941501 is divided by 2227.
19
What is the remainder when 41252 is divided by 439?
425
What is the remainder when 2367116 is divided by 2753?
2289
Calculate the remainder when 2804635 is divided by 467438.
7
What is the remainder when 1990114 is divided by 331656?
178
What is the remainder when 13934722 is divided by 41?
11
What is the remainder when 386861 is divided by 59?
57
What is the remainder when 43497420 is divided by 5437177?
4
Calculate the remainder when 1539881 is divided by 256635.
71
Calculate the remainder when 885442 is divided by 599.
120
Calculate the remainder when 32663249 is divided by 135.
134
Calculate the remainder when 66640 is divided by 65500.
1140
Calculate the remainder when 110200982 is divided by 42.
38
Calculate the remainder when 742821 is divided by 246614.
2979
What is the remainder when 8716513 is divided by 8716413?
100
What is the remainder when 684174 is divided by 11035?
4
What is the remainder when 582509 is divided by 347?
243
Calculate the remainder when 4415339 is divided by 119333.
18
What is the remainder when 84385 is divided by 234?
145
What is the remainder when 1460783 is divided by 777?
23
What is the remainder when 342768 is divided by 342686?
82
What is the remainder when 19766165 is divided by 1662?
1661
What is the remainder when 34049 is divided by 653?
93
Calculate the remainder when 151451 is divided by 1410.
581
What is the remainder when 88441 is divided by 348?
49
What is the remainder when 26788178 is divided by 7242?
20
What is the remainder when 9144300 is divided by 4572142?
16
What is the remainder when 182493 is divided by 1628?
157
Calculate the remainder when 314437382 is divided by 27.
26
What is the remainder when 3523130 is divided by 166?
112
Calculate the remainder when 95782962 is divided by 15.
12
What is the remainder when 47390394 is divided by 15796779?
57
What is the remainder when 25218414 is divided by 1322?
1264
What is the remainder when 4131020 is divided by 63?
47
What is the remainder when 17605060 is divided by 2597?
2594
What is the remainder when 34718 is divided by 2359?
1692
Calculate the remainder when 116471 is divided by 29115.
11
Calculate the remainder when 295982 is divided by 1117.
1094
What is the remainder when 5422642 is divided by 40?
2
Calculate the remainder when 144546 is divided by 13133.
83
Calculate the remainder when 3322096 is divided by 7870.
956
What is the remainder when 5715328 is divided by 154461?
271
What is the remainder when 1615682 is divided by 326?
26
Calculate the remainder when 21800 is divided by 4186.
870
Calculate the remainder when 11996 is divided by 4682.
2632
Calculate the remainder when 1204458 is divided by 13841.
291
Calculate the remainder when 374903 is divided by 7694.
5591
Calculate the remainder when 104479597 is divided by 3143.
3134
What is the remainder when 649757 is divided by 548?
377
What is the remainder when 2514169 is divided by 475?
469
Calculate the remainder when 889963 is divided by 17107.
399
What is the remainder when 169355 is divided by 628?
423
Calculate the remainder when 11632 is divided by 179.
176
Calculate the remainder when 20849898 is divided by 87.
0
What is the remainder when 48941 is divided by 552?
365
Calculate the remainder when 21920268 is divided by 590.
588
Calculate the remainder when 2499685 is divided by 2383.
2301
What is the remainder when 815241 is divided by 16637?
28
Calculate the remainder when 2241258 is divided by 186768.
42
What is the remainder when 1754642 is divided by 159369?
1583
What is the remainder when 15264 is divided by 576?
288
Calculate the remainder when 897496 is divided by 299144.
64
What is the remainder when 220310 is divided by 3424?
1174
What is the remainder when 156624 is divided by 77555?
1514
Calculate the remainder when 84930310 is divided by 18.
10
What is the remainder when 33764808 is divided by 86?
4
Calculate the remainder when 1334218 is divided by 167.
55
Calculate the remainder when 37188288 is divided by 487.
481
Calculate the remainder when 1695780 is divided by 5844.
1020
Calculate the remainder when 183399 is divided by 30495.
429
Calculate the remainder when 2281482 is divided by 201.
132
What is the remainder when 24506919 is divided by 33?
30
What is the remainder when 215982 is divided by 17986?
150
Calculate the remainder when 688464 is divided by 86057.
8
What is the remainder when 179169 is divided by 264?
177
Calculate the remainder when 38704846 is divided by 28.
26
Calculate the remainder when 134075 is divided by 6152.
4883
What is the remainder when 2750263 is divided by 3614?
9
What is the remainder when 1365944 is divided by 2673?
41
Calculate the remainder when 1015551 is divided by 780.
771
What is the remainder when 1694892 is divided by 2932?
196
What is the remainder when 2928418 is divided by 251?
1
Calculate the remainder when 120424 is divided by 451.
7
Calculate the remainder when 1841795 is divided by 21159.
962
Calculate the remainder when 9575132 is divided by 1367846.
210
Calculate the remainder when 97956 is divided by 5444.
5408
What is the remainder when 27078288 is divided by 43?
27
Calculate the remainder when 322139 is divided by 902.
125
What is the remainder when 41566 is divided by 11256?
7798
Calculate the remainder when 41516864 is divided by 157.
98
Calculate the remainder when 103439174 is divided by 2811.
2807
What is the remainder when 33122950 is divided by 216?
214
Calculate the remainder when 5059452 is divided by 272.
252
What is the remainder when 744330 is divided by 744278?
52
Calculate the remainder when 14519 is divided by 4389.
1352
Calculate the remainder when 1714687 is divided by 355.
37
What is the remainder when 62561 is divided by 129?
125
What is the remainder when 182429 is divided by 91077?
275
What is the remainder when 353145 is divided by 117624?
273
Calculate the remainder when 20533047 is divided by 275.
172
What is the remainder when 13455 is divided by 1110?
135
What is the remainder when 27602731 is divided by 20?
11
What is the remainder when 10818253 is divided by 41134?
11
What is the remainder when 1104123 is divided by 29?
6
What is the remainder when 2688715 is divided by 19205?
15
What is the remainder when 2198521 is divided by 2198516?
5
What is the remainder when 310402 is divided by 8363?
971
Calculate the remainder when 50480 is divided by 516.
428
What is the remainder when 3545743 is divided by 373?
5
Calculate the remainder when 102599 is divided by 1577.
94
What is the remainder when 58881708 is divided by 19627233?
9
Calculate the remainder when 3667565889 is divided by 16572.
16569
Calculate the remainder when 2814717 is divided by 312746.
3
Calculate the remainder when 131616 is divided by 1999.
1681
What is the remainder when 2453090 is divided by 560?
290
What is the remainder when 1674310 is divided by 963?
616
What is the remainder when 196750561 is divided by 24593817?
25
Calculate the remainder when 43474 is divided by 1806.
130
Calculate the remainder when 5061702 is divided by 1225.
2
What is the remainder when 16424078 is divided by 53?
14
Calculate the remainder when 481053 is divided by 2057.
1772
Calculate the remainder when 1344278 is divided by 672044.
190
Calculate the remainder when 2626898 is divided by 42.
8
What is the remainder when 332034 is divided by 27668?
18
Calculate the remainder when 1199349 is divided by 208.
21
What is the remainder when 25810840 is divided by 124?
116
Calculate the remainder when 35361103 is divided by 1113.
1093
What is the remainder when 1139330 is divided by 284828?
18
Calculate the remainder when 38669063 is divided b